 Let b(m) = -m**3 + 6*m**2 + 3*m - 6. Calculate the remainder when h(-2) is divided by b(6).
11
Let o(n) be the second derivative of 13*n**4/12 + n**3/3 - n**2/2 - n. Let p = 1 + 0. What is the remainder when 55 is divided by o(p)?
13
Let p = 1 - -4. Let w = 7 - 15. Let k = w - -22. Calculate the remainder when k is divided by p.
4
What is the remainder when ((-12)/10 + 0)/((-351)/12870) is divided by 25?
19
Suppose -w - 2*x + 11 = 0, -3*w - 4*x + 2*x + 33 = 0. What is the remainder when 73 is divided by w?
7
Let d = -1 + 42. Let m be 0*(0 + 1 + -2). Suppose m = 3*v - 6*v + 42. Calculate the remainder when d is divided by v.
13
Let b(d) = -d**2 - 6*d + 7. Let t be 1/(-2)*(-4 - -4). Suppose 2*w + t = -4*s - 16, 0 = -2*s + 5*w - 32. What is the remainder when b(s) is divided by 4?
3
Suppose 0 = 5*x + 15 - 90. Calculate the remainder when 56 is divided by x.
11
Suppose -4*n + 6 = 3*l, -4*l + 4*n + 25 + 11 = 0. Calculate the remainder when 8 is divided by l.
2
Let o be (-1 + 9)*(-9)/(-18). Suppose -5*v = 3*g - 5*g - 245, o*g + 98 = 2*v. What is the remainder when v is divided by 13?
10
Suppose 0 = -3*r + 7*r - 2*p - 116, 3*r - p = 86. What is the remainder when 53 is divided by r?
25
Let l be -1*8/(-2 - 0). Calculate the remainder when l/(-6)*(-45)/6 is divided by 6/(-10)*(-2)/((-6)/(-15)).
2
Let d = -67 + 86. What is the remainder when 36 is divided by d?
17
Let k = -12 - -39. Let z(f) be the third derivative of -f**4/6 - f**3 - f**2. Calculate the remainder when k is divided by z(-5).
13
Suppose 0*w = 5*w + 55. What is the remainder when 25 is divided by (-2)/(2/w) + -2?
7
Let i(n) = -10*n - 5. What is the remainder when i(-2) is divided by 3 - (0 + 0 - 1)?
3
Let q = 66 + 1. Suppose -l = 5*y + l - 329, q = y + l. Suppose -20 = -3*z + 46. Calculate the remainder when y is divided by z.
21
Let d(t) = t**3 + 9*t**2 - 5*t + 2. Calculate the remainder when d(-9) is divided by 8.
7
Let k be 5 + 0/1*1. Suppose 2*a = k*o + 208, a + 224 = 3*a - o. Suppose -a = -3*j - 33. Calculate the remainder when j is divided by 14.
13
Suppose 0 = 4*z - 19 - 45. Calculate the remainder when z is divided by 9.
7
Suppose -3*n + 12 = -n. Suppose n = c + c. What is the remainder when (-2)/c*(-180)/5 is divided by 13?
11
Let b = -71 - -74. What is the remainder when 14 is divided by b?
2
Suppose 0*k = -4*k + 20. Suppose -k*c + 2*v = 28 - 235, 0 = -4*c - 3*v + 184. Calculate the remainder when c is divided by 15.
13
Let d be (2 - 0)/2 + 7. Let a = -5 + d. Suppose -a*n = n - 28. What is the remainder when n is divided by 3?
1
Let b(h) = h**3 + 12*h**2 + 6*h - 8. What is the remainder when b(-11) is divided by 8?
7
Let y be 1/(2/(2 - -4)). Suppose 5*f - 20 = 0, 4 = 3*k - 2*f + y*f. Let b = k - -10. Calculate the remainder when 29 is divided by b.
9
Let j(v) = 8*v**2 - 13*v - 2. Let g(a) = -23*a**2 + 38*a + 5. Let q(m) = -6*g(m) - 17*j(m). What is the remainder when 30 is divided by q(4)?
6
Let x(z) = 5*z - 10. Suppose -m - 3*i = 2*i - 24, 0 = 2*m + i - 12. Suppose 5 - 33 = -m*h. Calculate the remainder when x(7) is divided by h.
4
Suppose 0 = -4*t - 20, 3*c = 3*t - 4*t + 94. Calculate the remainder when 63 is divided by (6/(-2) + 4)*c.
30
Suppose 3*m = m. Let h = m + 5. What is the remainder when 14 is divided by h?
4
Let l = 9 - -2. What is the remainder when 0 + (-129)/(-4) - (-6)/(-24) is divided by l?
10
Suppose 2*v - 4*w = -3*v + 95, -4*v + 5*w = -85. Calculate the remainder when 43 is divided by v.
13
Let s(v) = -5*v - 2. Let c be s(-3). Let w = 33 - c. Calculate the remainder when w is divided by 11.
9
Let j = 25 - 15. Let f = j + 8. What is the remainder when f is divided by 7?
4
Let c(t) = -2*t - 7. Calculate the remainder when 65 is divided by c(-12).
14
Calculate the remainder when ((-15)/(-6))/((-1)/(-14)) is divided by 6.
5
Let b(j) = 2*j + 4 - j + 0*j. Let v be b(-4). Calculate the remainder when (v - (2 - 4)) + 50 is divided by 18.
16
Let h(k) = -12*k - 6. Suppose 4*c - 84 = -3*s, -2*c = 2*c - 2*s - 84. Let q = -10 + c. Calculate the remainder when h(-4) is divided by q.
9
Let o(k) = k**2 + 13*k + 13. What is the remainder when 51 is divided by o(-13)?
12
Let r(c) = -c + 8. Calculate the remainder when r(-16) is divided by 10.
4
Let b be 0 + 0/(-2) + 0. Suppose -3*l + l + 6 = b. What is the remainder when 38 is divided by l/(-12) + 53/4?
12
Suppose -11 + 8 = -g. Calculate the remainder when g is divided by 1.
0
Suppose 15 = -2*f - 5*x, 0 = -5*f - x + 4*x + 9. What is the remainder when 24 is divided by 13*((-2)/(-2) - f)?
11
Suppose 2*d - 30 = -2*g, -4*g + 4*d + 27 = -33. Suppose -2*j = -4*k - 50, -k = 4*j + 3*k - 124. What is the remainder when j is divided by g?
14
Suppose 4*d = 142 + 14. Suppose 0 = -9*i + 14*i - 100. Calculate the remainder when d is divided by i.
19
Suppose -2 = 2*x + 4. Let n = -1 - x. Suppose 222 = 4*r - n*c, -4*r - 2*c - c = -247. Calculate the remainder when r is divided by 20.
18
Suppose 390 = 2*h + 2*h + 5*o, 0 = -h - o + 97. What is the remainder when h is divided by 32?
31
Suppose 0 = y + 4*y - 85. Suppose -4*b + 0*u + 211 = 3*u, 0 = -5*b + 2*u + 235. Calculate the remainder when b is divided by y.
15
Suppose 374 = 6*g + 5*g. Calculate the remainder when g is divided by 11.
1
Let v = -9 + 18. Calculate the remainder when 16 is divided by v.
7
Suppose 2 + 2 = -4*i. Calculate the remainder when (-444)/(-54) - 2/9 is divided by ((-3)/6)/(i/6).
2
Suppose 5*l = 2*l + 18. Let w = -9 + l. What is the remainder when 5 is divided by (5/(-2) - w)*6?
2
Let t be 5*(-3)/(3/1). Calculate the remainder when (-7 - t)/((-4)/78) is divided by 10.
9
Let l = -47 - -92. Let j be (-804)/(-30) + (-2)/(-10). Let w = l - j. Calculate the remainder when 53 is divided by w.
17
Let d(o) = o + 16. Calculate the remainder when 142 is divided by d(0).
14
Suppose 5*a - 18 = -d + 29, 5*a - 233 = -4*d. What is the remainder when d is divided by 18?
8
Suppose 2*n + 3*n - 150 = 0. Let d = n - -2. Calculate the remainder when d is divided by 11.
10
Let h = -16 + 24. What is the remainder when 13 is divided by h?
5
Let z(t) be the third derivative of -1/8*t**4 + 0*t - 2/3*t**3 + 0 - 3*t**2. What is the remainder when z(-6) is divided by 8?
6
Let s(l) = -l**2 - l + 57. Let g(z) be the first derivative of z**4/2 - z**2 + 3*z + 2. What is the remainder when s(0) is divided by g(2)?
12
Let y = -16 + 20. What is the remainder when 22 is divided by y?
2
Let s be 1/((-2)/(-18)*3). Suppose -255 = -5*k + f, s*f - f - 153 = -3*k. Let w = -15 + k. What is the remainder when w is divided by 13?
10
Suppose -h + 95 = 4*s + 2*h, -s + 3*h = -5. What is the remainder when s is divided by 13?
7
What is the remainder when 53 is divided by (-3)/(-4) + 318/24?
11
Suppose 0 = -y + s + 9 - 2, 2*y = -3*s - 6. Suppose -4*j + 230 = 5*a, -a - 4*j + y*j + 46 = 0. Let o = -14 + 30. Calculate the remainder when a is divided by o.
14
Suppose -7*l + 30 = -4*l. Suppose l + 14 = 3*j. Let f(o) = o**2 - 2*o - 3. Calculate the remainder when j is divided by f(4).
3
Let y(s) = -7*s + 9. What is the remainder when y(-6) is divided by 27?
24
Suppose -g - 4*r + 8 = -3*r, 9 = 3*r. Suppose g*m = 2 + 3. What is the remainder when 1 is divided by m?
0
Suppose -3*d = 3*f - 63, -4*d = -0*f + 2*f - 82. Calculate the remainder when d is divided by (6/10*1)/(4/80).
8
Let n be 5*(6/10 - 1). Let z be 4/(-8) - 45/n. Suppose -2*j + 0*j + z = 0. Calculate the remainder when 31 is divided by j.
9
Let r = 10 - 7. Let t = 13 + r. Calculate the remainder when 63 is divided by t.
15
Suppose -2*a + 164 = -12. Let r = -46 + a. Suppose -5*u = 12 - r. What is the remainder when u is divided by 2?
0
Suppose 18 = 3*l - 12. Let q be ((-2)/(-3))/((-2)/9). Calculate the remainder when l is divided by (0 + q)*-1 + 1.
2
Let n(h) = 16*h - 12. Calculate the remainder when n(5) is divided by 14.
12
Suppose -2*s + 87 = s. What is the remainder when s is divided by 10?
9
Let y(m) = 16*m**2 - 2*m + 1. Let f be y(1). Let j be (-1)/(f/18)*55. Calculate the remainder when j/(-10) + 8/20 is divided by 4.
3
Suppose 3*g - 4*i + 20 = g, 10 = 3*g + 2*i. Suppose 5*j + 8 = -2*n + 26, -j + 2 = g. What is the remainder when 15 is divided by n?
3
Let i = 55 - 43. Calculate the remainder when 32 is divided by i.
8
Suppose -5*s = -5*d + 185, 3*d - 5*s - 